is the value of -1 - -22 - (5 - (-49 - -3))?
-30
What is -4 + -1 + -3 - (1153 + -1192)?
31
What is 39 + -4 + -433 + 381?
-17
What is -10 - ((1 - 13) + 0 + -1 - (361 - 361))?
3
What is 43 + (23 - (79 + -29))?
16
19 + -26 + 7 + (70 - 28 - 32)
10
Evaluate 50 + 12 + -68 + 61.
55
Evaluate -37 + -1 + 7271 + -7164.
69
Evaluate ((-49 - (0 - -5)) + 4 - -2) + (-126 - -126).
-48
Evaluate 29 + -29 + 24 + (-4 - (-4 + -1)).
25
What is 15 - (10 - ((82 - 82) + (17 - 1)))?
21
(-820 - -840) + 5 + -5 + -14
6
Evaluate -92 + (11 - -183 - 78).
24
Calculate -14 + -12 + (54 + -56 - (1 - 0)).
-29
What is -834 + 889 + (0 - 13)?
42
Calculate (-11 - (-92 + -58)) + -69.
70
(1 - -45 - (-1669 - -1805)) + -8 + -1
-99
What is (-95 - -93) + (5 - (-5 - -9 - 7))?
6
-86 - -53 - (-15 + 3) - -9 - -13 - 57
-56
What is the value of -1 + 0 + -136 + 2 + 2 + -1743 + 1753?
-123
What is the value of 74 + (25 - 76) - 14?
9
What is -45 - (-40 - (11 + -22)) - -94?
78
-3 - -6 - 0 - 11 - (-3 + -3 - -5)
-7
(-59 - -292 - 170) + 0 + -11
52
What is (2 - (181 + -65)) + 229?
115
Calculate (-147 + 75 - -46) + (-88 - 5).
-119
(6 - (10 + 1 - 25 - 6)) + -42
-16
What is the value of 48 - (2 - -37 - (-8 + 26))?
27
What is the value of (13 - (19 - (-3 + 14))) + -16?
-11
Calculate -48 + 5 + 14 + -10 + -6.
-45
What is -1 + -1 + 15 + 12 + (-20 - -21)?
26
What is -103 - -111 - (43 - -12)?
-47
What is 76 + -243 + 133 + -2 + 70?
34
Evaluate 7 - (-3 - (-2 - 4 - -24)).
28
135 + -275 + (120 - 118)
-138
What is the value of -34 - ((17 - 73) + -24)?
46
Evaluate -1 - (11 - -11) - (9 + -8 + 11).
-35
What is the value of 2 + -15 + 1 - (161 + 23 + -168)?
-28
Calculate 90 + (88 - 94 - -3).
87
-37 - (-7 + -2 + (-1102 - -1099))
-25
What is the value of (-22 - -146) + -107 - (-19 - 1)?
37
-42 + (-44 - (-35 + -31))
-20
What is the value of (4 + 3 - 7) + 1 + -25 + 22?
-2
Calculate -3 - ((0 - 1) + -16) - (3 - (151 - 65)).
97
Evaluate -13 + (-17 - 1 - -40) - 24.
-15
What is -17 - (-6 + (-43 + 28 - (-24 - 1)))?
-21
Evaluate 145 + -137 + (-63 - 26).
-81
31 + 14 + (-45 - -13) + 9 + -7
15
2 - 1 - (-1191 + 1236)
-44
What is -9 + ((10 - 4) + -12 - -20) + (7 - 1)?
11
What is (20 - -2) + (-2 - -1) - (259 - 257)?
19
What is -7 + 5 + (-4 - (6 - (8 - -6))) + 3?
5
What is the value of 60 + (72 - (116 - 24))?
40
What is -7 - (-141 + 149 + (1 - 9) - -8)?
-15
What is the value of -3 + (-8 - -22) - -18 - 5?
24
Evaluate 16 - (7 + -11) - (14 + -63).
69
Evaluate -38 + (-6 - (-7 - -23)) - 21.
-81
What is (23 - 1) + (165 - 76 - 93)?
18
Evaluate 46 + -2 + -855 + 791.
-20
What is the value of (47 - 50) + 54 + -11?
40
Calculate 52 - (-103 - (-63 - 17)).
75
What is -188 + 198 + (9 - (-9 + 86))?
-58
-87 + (-58 - (11 - 236))
80
What is -36 + -45 - (7 - 59)?
-29
What is 29 + (6 + -21 + 22 - -8)?
44
What is 49 - (-1 + 6 + 18) - 17?
9
What is -1 + (49 + -34 - (1 + (6 - -20)))?
-13
89 + (-16 - (-3 - -2 - 1) - (-5047 - -5047))
75
Evaluate -5 + 1 - (-1 - 14) - (29 + 51).
-69
Evaluate -362 + 351 + (1 - -29) - -9.
28
What is the value of 26 - (3 - 0) - (237 + -212)?
-2
What is the value of (-284 - -305) + -1 + 14 + -103?
-69
(1 - -25) + -7 - (132 + -63)
-50
(105 - -18 - -11) + (16 - 45) + 21
126
What is (-86 - -38) + 115 + -127?
-60
13 + (-22 - 14) + 11 + -2 + 15
1
2 - -51 - (117 + (35 - 163))
64
What is the value of -57 - (-54 - 19) - (0 - 8)?
24
-53 - -30 - -36 - (-3 + 89)
-73
Calculate -3 + (3 - 4) - (-1 + 2) - (9 - 1).
-13
(8 - -1) + 21 + -1 + (12 - 20)
21
What is -1 + -230 + -2850 + 2979?
-102
Evaluate 8 - (-3 + (17 - 8) + -42).
44
Evaluate 13 + (-62 - -2) + 47 + (31 - 2).
29
What is the value of -85 + (144 - 86) - (8 + 17)?
-52
Calculate -1 + (5 - -3) + (-20 - (7 + -13)) + -27.
-34
Evaluate -47 - ((42 - 61) + 32).
-60
Evaluate (-44 + (-20 - -59) + -21 - (-13 - 1)) + 84.
72
Evaluate 170 + -14 + -204 + (0 - 5).
-53
What is -19 + 21 + 7 + (62 - -9)?
80
What is the value of (56 + -26 - (-65 - -99)) + 0 + 3?
-1
-11 + -54 + (-29 - -12) + 20 + -8
-70
Evaluate -129 + 186 + -94 + -2 + 1 + 1.
-37
What is the value of -20 + 15 + -29 + (-149 - -88)?
-95
Calculate -20 - -13 - (-28 + 7) - (21 + 6 + 4).
-17
Calculate -146 + 58 + -55 + 68.
-75
Calculate 3 + -67 - (-93 - (141 + -247)).
-77
What is -38 - (31 + -61) - 33 - 37?
-78
(-7 + 16 + -5 - 39) + -14 + 2
-47
Calculate 4 + (0 - 5 - (37 + (-69 - -34))).
-3
What is 310 + -339 - (-3 + 1 - -16)?
-43
Evaluate -264 + (24 - -3) + 120.
-117
-13 - (30 + -53) - 12 - 20
-22
What is 0 + (40 - 19) + (6 - 0)?
27
What is the value of -3801 + 3786 + (1 - -1)?
-13
Evaluate (1 - -2) + -1 + 2 + -3 - (1828 + -1872).
45
-3 + -7 + (-26 - (-32 + 35))
-39
What is the value of 8 + (16 + -6 + -2 - 0) + (-44 - 51)?
-79
Evaluate (-19 + 21 - 21) + 18 - (8 - 35).
26
Calculate (15 - (40 + -18)) + 25.
18
2 + 1 + 0 + (5 + 0 - -7) + -15
0
What is 0 - -1 - ((-573 - -562) + (0 - -2)) - -31?
41
-1 + -147 + -48 + 6 + 44
-146
Evaluate (-37 - -1) + (70 + -61 - (-4 + 2)).
-25
What is the value of 93 - (43 + (-26 - -15) - 3)?
64
What is the value of -1 + (122 - 88 - ((0 - -12) + -5))?
26
41 + (-13 + (-14 + 9 - -8) - (-6 + 0))
37
(7 - -37) + 7 - (-6 - -17)
40
What is 55 + 214 + -60 + -136?
73
What is the value of (-15 + (84 - 79 - (7 + -1)) - -7) + -14?
-23
Calculate -14 + (-11 - -4 - -15) - (4 - -22).
-32
Calculate -16 + (-11 - (-72 + -14 + 53)).
6
What is (19 - (-3 - -1)) + 1 + -61 + 73 + -18?
16
Evaluate 9 + (12 - (32 + -30) - 50).
-31
Evaluate ((-5 - -2) + (14 - 4) - -5) + -10.
2
What is 30 - (-14 + -57 + 143)?
-42
What is -112 - (-14 + 38 + -29 + (4 - 1))?
-110
What is the value of (-46 - (3 - 5)) + 1 - (73 - (142 + -57))?
-31
What is -21 + (12 + -1 - (34 + -52))?
8
Calculate (1029 - 1106) + (-2 - (-24 + -3)).
-52
What is the value of -11 + 5 + -2 + -15 + 21 + 2 + 12?
12
-1 + 11 + (-159 - -184 - (7 - 0 - 1))
29
Calculate -17 + -12 + (-12 - -23 - -77).
59
Evaluate 130 + -84 + -117 - 2.
-73
Evaluate -12 - (912 + -922 - (-53 + 1)).
-54
Evaluate (1 - 9) + (-234 - -230) + (10 - -48).
46
Evaluate -2 - ((-2 - (-12 + (7 - 3) - -9)) + -21).
22
(-3 + 24 - (-60 + 27)) + -31
23
Evaluate 27 - (100 - (31 + -58 + 20)).
-80
Calculate (19 - (25 - -17)) + 24 - (-1 - (1 - 25)).
-22
Evaluate -12 + 29 - 11 - (-34 + -23).
63
Calculate -9 + 37 + 28 + -101.
-45
(9 - -32) + -23 + -11
7
Calculate 9 + ((5 - 6) + -55 - (13 + (-11 - 1))).
-48
What is -53 + 38 + 68 + 0 + 1 + -11?
43
Calculate 0 + -19 - (-6 + (25 - (-3 - -8))).
-33
What is -93 + 2 + 32 + 103?
44
What is (4 - (-6 - -4)) + -12 + 20 + -38 + 31?
7
What is -79 - -103 - (-1 - (-16 - 15))?
-6
(8 - 9) + 12 + (-11 - (-3 - 0))
3
Evaluate 4 - ((28 - (-42 + 24)) + 22).
-64
Calculate -8 - 19 - (-9 + -15 + 5 - (-9 - 1)).
-18
What is the value of -96 - (66 - -32 - 300)?
106
9 + (-2 - (3 + 17 + -24)) - 16
-5
Calculate -31 - (-64 + -48) - 102.
-21
(-40 - -10) + 27 - (-12 - -55)
-46
(41 - 89) + 103 + -43
12
What is (35 - 61 - -56) + 53?
83
Evaluate -41 - (-100 + -24 - -71).
12
(-4 - -59) + (-5 - -2 - -10) + 73 + -84
51
What is 2 - (52 + (16 - 30) + 19 - -24)?
-79
Evaluate -8 + (27 - 11) + -3 + 78.
83
Calculate -22 + (-265 - -262 - (-6 + 0)) + 29.
10
Calculate (-75 - -193) + -73 - 89.
-44
Evaluate -5 + (0 - 24 - (397 + -415)).
-11
What is (-192 + 540 - 369) + -29 + 1?
-49
Evaluate -26 + 0 + (-62 - -115) + -42.
-15
Evaluate 13 + 12 + (1 + 0 - (80 + -81)).
27
Evaluate 99 + (52 + -66 - 155).
-70
What is the value of 7 + (1 - -14) - 7 - -41?
56
What is 66 + (7 - 50) + -10?
13
What is the value of (0 - -30) + 1164 + -1164?
30
-74 + (33 - (37 + -2) - (0 + 12))
-88
Calculate (-1705 - -1687) + (18 - 2).
-2
Calculate -1 + 3 - 9 - (-7 - (5 + 2 + -24)).
-17
Evaluate 57 + -82 + -81 + 100.
-6
(-4 - (-12 - 10 - -9)) + 11 + 9
29
Calculate -96 - (14 + (17 - (51 - 5))) - (2 - -2).
-85
Evaluate (-2 - -2) + 18 + -19 - (-80 + 48).
31
Evaluate (-433 - -418) + (-3 - -23) + (9 - (5 + -2)).
11
Calculate -8 + 10 - -19 - (-16 + -9).
46
Calculate -22 + 9 + 11 - (-21 - -30).
-11
Calculate -5 - ((0 - (68 - -1)) + -27 + 90 + -54).
55
Evaluate 66 + (-35 - -20 - -18 - 19).
50
What is the value of -26 - (38 - (122 + 1))?
59
What is 8 + -17 + 67 + (-14 - (-24 - 7))?
75
What is 48 + (-2 - (-12 + -1 + -5 + 13))?
51
Calculate 10 + (33 - (6 - -41)).
-4
-22 - (38 - 29) - 0
-31
What is the value of (48 - 49) + (16 - -1) + 35 + -34?
17
Evaluate (-2 + 91 - -31) + -35.
85
Calcu